 divisor of 33 and l?
3
Let z = 46 - 21. Suppose 2*b = -b + 375. Calculate the greatest common factor of b and z.
25
Let d be 0*(-4)/12 + 63. Let p be (-19)/((-6)/4 + 1). Suppose -7 = -5*y + p. Calculate the highest common factor of d and y.
9
Let j be 2/(-1) + (-2 + 1)*-32. Calculate the greatest common divisor of 60 and j.
30
Suppose -3*l - 39 = -5*l - 5*o, -3*o = 2*l - 45. Suppose -3*t - 2*j + 48 = 0, 0 = -2*t - 5*j + 2*j + l. What is the highest common divisor of 12 and t?
6
Let p = 11 + -4. Suppose -i + y = -4, -i + 2*y + 1 + p = 0. Let h be 9*(22 - (2 - i)). What is the greatest common divisor of h and 20?
20
Let z(s) = -2*s + 3. Let c be z(-2). Calculate the greatest common divisor of c and 56.
7
Suppose -4*i - x + 9 = 0, i + 0*x - 4 = -2*x. What is the greatest common divisor of i and 18?
2
Suppose -w = -5*k - 14, 2*k + 5 = -0*w + w. Let p be k/(-12) - 621/4. Let c be p/(-25) - 2/10. Calculate the highest common factor of 66 and c.
6
Let o(j) = j**2 + 3*j - 5. Let f be o(-5). Suppose 0 = -u - 3, -5*i - 3*u + 23 - 7 = 0. Calculate the greatest common divisor of i and f.
5
Suppose 2*b + 880 = 6*b. Suppose -i + 120 = 5*i. Calculate the highest common factor of b and i.
20
Let y = 107 - 41. What is the greatest common factor of y and 11?
11
Suppose 0 = 2*w - 3*w. Suppose -2*o = -3*d - 2, 3*d + 5*o + 0 + 16 = w. Let t be (-231)/(d - (-3 - -2)). What is the highest common factor of 21 and t?
21
Let o = -14 - -34. Suppose -3*m + 137 = 47. What is the highest common factor of o and m?
10
Let z be (-22 + 10)*(-6)/4. What is the greatest common divisor of z and 198?
18
Let z be -3 + 0 - 27*-1. Let r = -12 + z. Calculate the highest common divisor of 48 and r.
12
Let h(m) be the third derivative of m**4/2 + m**3/2 - m**2. Let x be h(3). Let g = 58 + -32. Calculate the highest common divisor of g and x.
13
Let w = -6 + 23. Suppose -2*y = n - w, 6*y = 4*y - 5*n + 21. Let u be (4/y)/(2/192). Calculate the greatest common factor of u and 8.
8
Suppose -p = 3*p - 320. Let d(i) = 5 - i + 4*i - 1 + i**2. Let k be d(-7). What is the greatest common factor of k and p?
16
Let i(p) = p - 7. Let j be i(8). What is the greatest common factor of 4 and j?
1
Let u be ((-18)/(-3))/((-18)/(-27)). Calculate the greatest common factor of 45 and u.
9
Suppose 2*i + 6 = 42. Let l(f) = 3*f + 3. Let b be l(5). What is the highest common factor of i and b?
18
Let q(f) = -f**3 + 7*f**2 - f + 4. Let t be q(5). Suppose 3*p = -3*m + 6, -m = 4*p + 4*m - 3. What is the greatest common factor of t and p?
7
Let b(g) = -g**2 - 5*g + 2. Let r be b(-5). Suppose 4*i + 80 = 3*n, r*n + 0*i - 59 = -3*i. What is the highest common factor of 14 and n?
14
Let u = 110 + -14. Calculate the greatest common factor of u and 24.
24
Suppose 4*c = 12 - 4. Suppose 3*a - c = 25. Suppose l = -2*l + a. Calculate the highest common factor of l and 1.
1
Suppose 0 = -4*t + 6*t - 4. Let q(b) = 3 - t + 2*b**2 + 5*b - 4 - 1. Let d be q(-4). Calculate the highest common divisor of d and 12.
4
Let t = 2 - -2. Suppose -u - t*u + 25 = 0. What is the greatest common divisor of u and 5?
5
Let q = 5 + -3. Let b(r) = -r**3 - r + 0*r - 9*r**2 - q*r. Let p be b(-9). What is the highest common factor of p and 18?
9
Let l = 7 + 12. Let v = 32 - -6. What is the greatest common divisor of v and l?
19
Let f = -174 - -96. Let w = -48 - f. Calculate the highest common factor of 10 and w.
10
Let m = 17 - 16. Suppose 23 = t + k, -3*k + m = -4*k. What is the greatest common divisor of t and 3?
3
Let p(y) = -y**2 + 4*y + 42. Let i be p(0). Suppose -5*j = 24 - 164. What is the greatest common divisor of j and i?
14
Let i = -3 + 4. Let w(h) = 71*h**3 + h**2 + h - 1. Let s be w(i). Calculate the greatest common factor of 9 and s.
9
Let h be (6/4)/((-15)/(-40)). Suppose 4 = 4*c - 8. Suppose -5*u = 5*g - 75, -c*g - g + h*u = -20. What is the highest common divisor of 40 and g?
10
Let a = -3 + 5. What is the highest common factor of a and 4?
2
Let n(j) = j + 4. Let z be n(4). Calculate the highest common factor of 16 and z.
8
Let i be -2 + 0 - (-2 + -1). Let k = i - 3. Let d be (-122)/k - -1*2. Calculate the greatest common divisor of d and 7.
7
Suppose 8 + 19 = 3*b - 4*w, -3*b = 3*w - 6. Let a(x) = 3*x. Let r be a(b). Calculate the highest common divisor of r and 105.
15
Suppose -2*x - 4*c + 38 = -5*c, -4*c - 98 = -5*x. Suppose 3*h - 16 = 7*h. Let p be 1 + 2 + h + 3. What is the greatest common divisor of x and p?
2
Let x = -13 - -16. Suppose -49 = -x*g + 2*g. What is the highest common factor of g and 7?
7
Let t be (-3*1)/(15/(-20)). Let y be ((-8)/6)/(t/(-6)). Suppose 4*q - 5*u = 66, -2*u - 78 = -5*q + y*u. Calculate the greatest common factor of 56 and q.
14
Let a be 2/(-8) + 174/24. Let p = a - 4. Let l be (1/2)/(p/114). What is the highest common divisor of 209 and l?
19
Let q(y) = 2*y**3 - 3*y**2 - y + 2. Let c be q(2). Suppose -6*v = -c*v - 8. Suppose -2*i = 2 + 2, -j + i = -6. What is the highest common divisor of v and j?
4
Let y = -10 - -10. Let g be 54*(-2 - -3) - y. Calculate the greatest common divisor of 36 and g.
18
Suppose -3*y = -4*y - 5*m - 1, -63 = -2*y + 3*m. Let p be (y/2)/((-14)/(-105)). Let n = 9 + 9. What is the greatest common factor of n and p?
18
Suppose -12*w + 14*w - 2 = 0. What is the highest common divisor of w and 2?
1
Suppose 4*i + b = 1968 - 565, -2*b + 342 = i. Calculate the greatest common divisor of i and 32.
32
Let n be (-2)/(-3) + -1 + 1505/105. Suppose 0 = 3*y - 30 - 12. Calculate the highest common factor of y and n.
14
Suppose 0 = -i, -x - 2*i - 572 = -5*x. Suppose -4*c - 3*k + 55 = 0, c - 15 = -k - k. Calculate the greatest common factor of c and x.
13
Let n = -49 - -82. Let f = n - 15. What is the highest common divisor of 36 and f?
18
Let l be (-26)/91 - 1180/(-14). Suppose 2*p - 20 = 4*f, -4*p = -7*p + 3*f + 33. What is the greatest common divisor of p and l?
12
Suppose -5*v = 6*k - k - 135, -5*v - 54 = -2*k. Calculate the highest common divisor of k and 18.
9
Suppose 0 = -a - 5*y + 37, 0 = -2*a - a + y + 47. What is the greatest common factor of a and 136?
17
Let f = 20 - 10. Let p = 249 + -149. What is the greatest common divisor of f and p?
10
Suppose 0*z - z + 27 = 0. Let v(s) = 6*s**2 - 2*s + 1. Let k be v(1). Suppose 18 = x + 3*r, -k*x + 3 + 37 = 5*r. What is the highest common divisor of z and x?
3
Let p = 163 + -55. Suppose 12 = 5*l - p. What is the highest common factor of 12 and l?
12
Let j(q) = -8*q + 57. Let r be j(6). Calculate the greatest common factor of r and 99.
9
Suppose -4*s = -6*s + 90. Let b = 10 + -11. Let p = 8 - b. What is the greatest common factor of s and p?
9
Let k be (-2 - -1) + 142/2. Suppose -m + k = 4*q, -2*q - 3*m + 0*m + 30 = 0. Calculate the greatest common factor of q and 12.
6
Suppose 2*c - 120 = -13*t + 8*t, -3*t - 2*c = -72. Calculate the highest common factor of 108 and t.
12
Suppose -4*q - 104 = -8*q. What is the highest common factor of 13 and q?
13
Let v(n) = 8*n**2 - 5*n - 3. Let k be v(-3). What is the greatest common divisor of k and 126?
42
Let k(y) = y**2 + 32*y - 27. Let o be k(-33). Calculate the greatest common divisor of o and 96.
6
Let b(q) = -q**3 - 12*q**2 - 9*q + 26. Let l be b(-11). Suppose -3*w - 2 - 4 = 0. Let z be w*(-2)/(-4) - -11. Calculate the highest common factor of z and l.
2
Suppose t + 10 = -15. Let l = 15 - t. What is the greatest common factor of 16 and l?
8
Suppose -24 = -4*a + 3*s, -4*s - 29 = -a - 9*s. Let t = 31 - 4. Calculate the highest common divisor of t and a.
9
Let o(h) = -h**3 + 3*h**2 + 4. Let c be o(-3). Let k be -85*(0 + -1)/1. Let p = k - c. What is the highest common factor of 18 and p?
9
Let f = 169 + -104. What is the greatest common factor of f and 13?
13
Suppose -z = 2*g - 13, -50 = -5*z - 0*z + 5*g. Calculate the greatest common factor of 121 and z.
11
Let p = -26 + 176. Calculate the highest common factor of 60 and p.
30
Let f be (0/2)/(1/(-1)). Let h(a) = 2 + f + a - 2*a. Let v be h(-7). What is the highest common factor of 9 and v?
9
Let z be 254 - (0/3 + -1). Suppose -4*n + 65 = -z. Suppose -2*t + n = -t. Calculate the greatest common divisor of 8 and t.
8
Let v be (-1)/2*10*-1. Suppose 2*g = -g + 2*i - 16, 0 = g + v*i - 6. Let a be ((-2)/(-6))/(g/(-108)). What is the greatest common facto